m = 9 + 5. Let g(r) = r + 54. Suppose 3*q = 4*q. Calculate the remainder when g(q) is divided by m.
12
Suppose 0 = 106*s - 105*s - 144. What is the remainder when s is divided by 31?
20
Let o = 77 - 47. Suppose 4*q - 13 = 15. Calculate the remainder when o is divided by q.
2
Suppose -8 = 4*j, 0*j = 2*c + 5*j + 12. Let l = c - -3. Suppose 0*m = -5*m + 4*p + 53, 35 = l*m + 3*p. Calculate the remainder when 24 is divided by m.
11
Suppose -14*t + 5*t + 126 = 0. What is the remainder when 376 is divided by t?
12
Suppose 0 = 23*n + 7*n - 660. Calculate the remainder when n is divided by 18.
4
Let l be 2*6/8*(31 + -15). Let d(m) = -2*m + 4. What is the remainder when l + (4/4 - 3) is divided by d(-4)?
10
Let y(n) = -n**3 - 13*n**2 - 14*n + 2. Let a be y(-13). Let w = 85 - a. Calculate the remainder when (-5)/((-3)/w*-3) is divided by 14.
13
Let a = -28 - -6. Let i = a - -26. What is the remainder when 21 is divided by i?
1
Suppose 5*f - 32 = -3*y, 2*f = 2*y - 3*f + 12. Suppose -m - 7 = 5*c, -3*c = -y*m + c + 92. What is the remainder when 69 is divided by m?
15
What is the remainder when (596/16)/(1/4) is divided by 38?
35
Suppose 9*q - 13*q + 28 = 0. Suppose -58 = -2*w + 5*n, -3*w - 84 = -q*w + 2*n. What is the remainder when w is divided by 7?
5
Let i(o) = 2*o - 50. What is the remainder when i(35) is divided by 16?
4
Let a(h) = 40*h + 31. Let b be a(13). Let p be b/3 - 8/12. Suppose -4*g = -3*s - p - 0, 0 = 4*g + 2*s - 158. What is the remainder when g is divided by 9?
6
Let k = -299 - -337. What is the remainder when 126 is divided by k?
12
Let f = 49 + -12. Let i = f + -21. What is the remainder when 111 is divided by i?
15
Let w(n) = 36*n + 4. Let f be w(2). Let o be (11/(-22))/(1/f). Let j = -26 - o. What is the remainder when j is divided by 7?
5
Let d(a) = -a**3 + 18*a**2 + 51*a - 210. Calculate the remainder when 39 is divided by d(20).
9
What is the remainder when 1399 is divided by 35/60*-3*(-4 + -12)?
27
Let s = -12 + 8. Let r be (-2)/8*(-24 - s). Suppose 2*f - 4 = 0, -r*o - f + 1 + 76 = 0. Calculate the remainder when 42 is divided by o.
12
Suppose 5*w - 265 = -b, -3*b + 769 = -3*w + 5*w. Calculate the remainder when b is divided by 41.
9
Suppose r - 24 = 18. Suppose r = -0*g + 2*g. What is the remainder when 18 is divided by (g/(-9))/(3/(-9))?
4
Let a(t) = t**3 + 17*t**2 + 6*t - 29. Calculate the remainder when a(-15) is divided by 12.
7
Suppose d - 50 = -3*t, 3*t + 4*d - 65 = -0*t. Let a = 16 - 30. Let i = a - -41. What is the remainder when i is divided by t?
12
Let j be 255/(-10)*(1 - 3) + -1. Suppose 28 = -2*s + j. What is the remainder when 85 is divided by s?
8
Let h = 511 + -450. Calculate the remainder when 137 is divided by h.
15
Suppose 21*p = 23*p - 6. Let u be 0 + (4 - 3) - 5. Calculate the remainder when 15/2 - 6/u is divided by p.
0
Let w(f) = -f**2 - 12*f - 6. Let b(t) = -5 + t**3 - 5*t + t**2 + 3*t**2 - 1. What is the remainder when w(-8) is divided by b(-4)?
12
Let n = 1448 + -1398. Calculate the remainder when 316 is divided by n.
16
Suppose 28*x + 238 = 29*x. What is the remainder when x is divided by 38?
10
Suppose 4*u + 13 - 41 = 0. Let a(i) = i**2 - 9*i - 110. Let j be a(16). Let v = u + j. What is the remainder when 26 is divided by v?
8
Let h(p) = -p**2 - 32*p - 148. What is the remainder when h(-16) is divided by 8?
4
Let g = 205 + -183. Calculate the remainder when 58 is divided by g.
14
Suppose 6*q = 47 + 583. Calculate the remainder when q is divided by 18.
15
Let x be 6 + 32/(-12) + (-2)/6. What is the remainder when 226/5 + x/(-15) is divided by 24?
21
Let t = 32 + -29. Suppose 2*s - 194 = -4*h, t*h + 5*s + 89 = 252. What is the remainder when h is divided by 25?
21
Suppose 20 = 2*u - 93*c + 94*c, 2*c - 13 = -u. Calculate the remainder when 357 is divided by u.
6
Let y(m) = -m**2 - 9*m + 3. Let n be (-10 + (-2 - -4))*1. Suppose -23 = v - 55. What is the remainder when v is divided by y(n)?
10
Let m be (4/2 + -3)*-1. Let x be m + 2*(-3)/(-6). Let g = 12 + x. What is the remainder when 27 is divided by g?
13
Suppose -3*a - 5*o = -37, -3*o - o + 10 = a. Calculate the remainder when a is divided by ((-15)/60)/(2/(-64)).
6
Let f be 29/(3/(-9)*-3). Let b = 30 - f. What is the remainder when 3 is divided by b?
0
Let j(s) be the first derivative of s**3/3 - 4*s**2 + 21*s + 25. What is the remainder when j(6) is divided by 4?
1
Suppose 2*m + 780 = 828. Calculate the remainder when 41 is divided by m.
17
Suppose -3*z = -275 + 74. Calculate the remainder when 199 is divided by z.
65
Let u(q) = 2*q**2 + 62*q - 74. What is the remainder when u(-38) is divided by 33?
29
Let t = 461 - 64. What is the remainder when t is divided by 57?
55
Let f(r) = -r**2 + 7*r + 80. Calculate the remainder when 74 is divided by f(-5).
14
Let o(d) = d**3 + d**2 - d - 1. Let w be o(-1). Suppose t + w*t = 9. Let j = -52 + 87. What is the remainder when j is divided by t?
8
Let x(h) = -h**2 - 22*h - 231*h**3 + 232*h**3 + 9*h**2. Let j = 17 - 6. What is the remainder when x(-10) is divided by j?
9
What is the remainder when (3 - -7) + (10 - -37) is divided by 24?
9
Suppose 58 = 4*x + 14. Suppose 4*i - 4*d - 32 = 0, -3*i + d + 38 = 10. Let a = 21 + i. Calculate the remainder when a is divided by x.
9
Let n = -250 - -258. What is the remainder when 146 is divided by n?
2
Let x = 5 - 0. Suppose x*l - 1 - 9 = 0. Suppose -122 = -l*f - 4*p, -5*p + 230 = 4*f - 14. Calculate the remainder when f is divided by 21.
19
Let k = 211 + -139. Calculate the remainder when 215 is divided by k.
71
Let l = -8 - -44. Suppose m - 7*x = -10*x + 8, m - 5*x + 8 = 0. What is the remainder when l/(-27)*(-39)/m is divided by 9?
8
Let b(g) = -2*g + 28. Let f be b(14). Let q(s) = s**3 - s**2 + 10. What is the remainder when q(f) is divided by 3?
1
Let p = -1254 + 1289. Calculate the remainder when 222 is divided by p.
12
Calculate the remainder when (148/222)/(4/390) is divided by 30.
5
Suppose -2*c = 4*c - 246. Suppose -a + 43 = -c. Calculate the remainder when a is divided by 17.
16
Suppose 580 = 2*j + 3*j - 5*k, 10 = -2*k. Calculate the remainder when j is divided by 37.
0
Let n(w) = w**2 - 2*w - 11. What is the remainder when 13 is divided by n(5)?
1
Let t = -79 + 90. Suppose 7 = -j + t. Let p(r) = 12*r**3 - 1. Calculate the remainder when p(1) is divided by j.
3
Let k = 4 - 26. Let m = k + 27. Calculate the remainder when 8 is divided by m.
3
Suppose -15 = -i + x, 2*i + x - 30 = 15. Let v be ((-3)/(-2))/((-2)/(-4)). Suppose v*l = 182 - i. What is the remainder when l is divided by 14?
12
Suppose 336*s = -t + 338*s + 38, -10 = 2*s. Calculate the remainder when 165/3 - (-1 - -1) is divided by t.
27
Let i(q) = 20*q + 252. Calculate the remainder when 177 is divided by i(-12).
9
Suppose -r + 37*v - 32*v - 7 = 0, 3*v + 3 = 3*r. Let n = -13 - -22. What is the remainder when n is divided by r?
0
Suppose m + 48 = y - 68, y - 96 = -3*m. Suppose -4*g = t - y, 143 = 5*g - 3*t - 0*t. Let l = 18 - 8. What is the remainder when g is divided by l?
8
Let u = -132 + 139. Calculate the remainder when 30 is divided by u.
2
Let m = 25 + -22. Suppose m*d = -0*d + 105. Calculate the remainder when d is divided by 12.
11
Suppose 8 = -4*j - 4*x, x + 3*x + 32 = 4*j. Let a = j + 5. Suppose a*h = -0*h + 584. What is the remainder when h is divided by 25?
23
Let f(n) = 179*n**3 - 2*n**2 + 5*n - 3. Calculate the remainder when f(1) is divided by 20.
19
Suppose j + 51 = 4*j. What is the remainder when j is divided by (2/(-6))/(65/78)*-10?
1
Let u be (-5)/5*(1 + -4). Suppose -t = 2*p - 6, -u*p + 24 = 4*t - p. Calculate the remainder when t is divided by 5 - 7 - 3/((-3)/5).
0
Let i(w) = 2*w**2 - 11 - 6*w - 3*w**2 - 8*w + 12. Let z = 18 - 31. Calculate the remainder when 95 is divided by i(z).
11
Let k(r) = -4*r + 18. Suppose 2*u + 74 = 4*z, z = -2*z - 2*u + 66. Calculate the remainder when k(-10) is divided by z.
18
Let m = 0 - -19. What is the remainder when 36 is divided by -3 + m + 4 - 1?
17
Let w(r) = -6*r - 6. Let z(i) = -i**3 - 3*i**2 + 8*i + 7. Suppose 5*m + 22 = 2*d - 3, -5*m - 25 = 3*d. Calculate the remainder when w(-9) is divided by z(m).
14
Let v(g) = -g + 29. Let x = -11 - -16. Let s = 10 + x. What is the remainder when v(6) is divided by s?
8
Suppose 5*b - 18 = -4*p + 50, -p + 3